uppose 4*o + 0*f = 4*f + 28, -4*o + f = -37. Let q = o + -5. Let k = 19 - q. Calculate the greatest common divisor of k and 112.
14
Let c be -2*5/5*-1. What is the greatest common factor of 10 and c?
2
Suppose -5*c + 18 = -47. Suppose g - 8 = -g, 0 = -5*u - 2*g - 122. Let o be (0 + u/(-4))*22. Calculate the highest common factor of c and o.
13
Let i(h) = -h + 5. Let n be i(4). Let b be -2*((-6)/(-4) + n). Let p(t) = -t**2 - 6*t - 4. Let u be p(b). What is the greatest common factor of u and 5?
1
Let f(k) = -14*k - 2. Let x be f(-4). Calculate the highest common divisor of 27 and x.
27
Let z = 22 + -32. Let l be 5/z + 29/2. Calculate the highest common divisor of l and 21.
7
Let u be 159/2 - (-7)/14. Let n = -2 - -5. Suppose 5*w - 53 + n = 0. What is the greatest common divisor of w and u?
10
Let h(j) = j**2 + 2*j - 3. Let q be h(3). Let x be (0/4 - -1) + 2. Let c be (x*-2)/(-2 + 0). Calculate the highest common divisor of c and q.
3
Suppose -v = -3*c - 3*v + 375, -255 = -2*c - 3*v. Let d = c + -74. Calculate the greatest common divisor of 7 and d.
7
Let o(u) = 8*u - 1. Suppose 2 = c - 0. Let a be o(c). Calculate the highest common factor of a and 15.
15
Let g = 6 + -1. Suppose -7*a + 43 = 3*s - 2*a, g*a = 2*s + 13. Suppose -2*i + 3*i = 48. What is the highest common factor of s and i?
6
Suppose 135 = -g + 10*g. Calculate the greatest common factor of 6 and g.
3
Let z(u) = 5*u**2 - 2*u - 3. Let k be z(3). Suppose k = -0*r + 2*r. Suppose d + r = 2*d. Calculate the greatest common factor of 9 and d.
9
Suppose 4 = -13*w + 368. What is the highest common factor of 84 and w?
28
Let u be (-14)/7*(-2 + 1). Suppose u*j = -d + j + 12, -j = -5. Calculate the greatest common divisor of d and 77.
7
Suppose -3*p - 3*m + 7*m + 112 = 0, 2*p - 5*m = 77. Let b = -12 - -36. What is the highest common factor of p and b?
12
Let z be ((-96)/(-20))/((-2)/(-10)). Suppose -d - 3*d = 3*i - 52, 3*i - 3*d - z = 0. What is the highest common divisor of 108 and i?
12
Suppose 5*y - 175 = -0*y. Let s(d) = 11*d - 10. Let m(u) = 5*u - 5. Let t(b) = -9*m(b) + 4*s(b). Let f be t(0). Calculate the highest common factor of f and y.
5
Let f(b) = 32*b**2 + 2*b. Let i be f(2). Suppose 0 = -106*l + 108*l - 24. Calculate the greatest common divisor of l and i.
12
Let w be (0/(2 + 0))/2. Let x be 1/((-3)/(w - 105)). What is the greatest common divisor of 5 and x?
5
Suppose -p - 5 = -3*p + c, c + 8 = 3*p. Calculate the greatest common factor of p and 2.
1
Let f = 1 - 1. Suppose f*m = -5*m + 400. Suppose -2*n + 6*n = m. Calculate the greatest common divisor of n and 8.
4
Suppose -16*p + 105 = -11*p. Suppose -c + p + 166 = 0. Calculate the highest common factor of c and 17.
17
Let s(b) = 34*b + 6. Let o be s(5). Let f be (1 - -2 - 0)*-1. Let n(k) = -6*k - 2. Let t be n(f). Calculate the highest common factor of t and o.
16
Let c(v) = v**2 - 8*v + 6. Let j be c(7). Let r be (j - (-26)/8)*68. Calculate the highest common divisor of r and 17.
17
Suppose m - 53 = -8. Suppose -4*h + m = 5. What is the greatest common divisor of h and 4?
2
Let a be -3*2/4*6. Let j be 6/(-27) - 83/a. Let d be ((-16)/6)/((-3)/j). Calculate the highest common factor of d and 88.
8
Let c be -3 - -4 - (-1 + 1). Let q be (14 + c)/(1 - 0). Let i be ((-120)/(-14))/((-4)/(-56)). What is the greatest common factor of q and i?
15
Suppose x = -4*s - 12 + 1, -4*x - 5*s = 11. Let a be (x + -2)*(-31 - -5). What is the greatest common divisor of 39 and a?
13
Let d(u) = u. Let j be d(4). Let l = j + -1. What is the greatest common factor of 27 and l?
3
Let j be (36/(-16))/(-3) + 81/4. What is the highest common factor of 21 and j?
21
Suppose -2*l - 3*t = -7*l + 144, 5*t = -3*l + 66. Suppose -2*a + 5*a - 9 = 0. What is the greatest common divisor of l and a?
3
Suppose -3*m = -7*m - 8. Let x = m - -4. Calculate the highest common factor of 2 and x.
2
Let a be 28/(-6)*(2 - 11). Let o be (0 + -3 + 4)*a. Calculate the highest common divisor of o and 28.
14
Let d be 690/9 + 1/3. Let t be (6 + 1)/(1/1). What is the greatest common factor of t and d?
7
Let h be 4/(-18) - (-220)/18. Let t(q) = 2*q + q**2 - 2*q - 3*q - 4. Let x be t(5). What is the greatest common divisor of x and h?
6
Suppose 3*j - 3*d - 144 = -2*d, 0 = -5*d. What is the greatest common factor of 528 and j?
48
Suppose -2*g + 2*t - 4 = -7*g, -g + 4*t = -14. Let n be (53/2)/(g/4). Suppose n = q - 1. Calculate the highest common divisor of 6 and q.
6
Let g be 0 - -3 - (0 - -1). Let u = 3 - g. Let h be (-134)/(-6) + u/(-3). Calculate the highest common factor of h and 55.
11
Let c be 21 + (-3 - (-3 - -1)). Let z = 34 - c. Calculate the highest common factor of z and 112.
14
Let k = -60 + 80. What is the highest common factor of k and 4?
4
Let v be (-16)/(-56) + (-1760)/(-14). What is the greatest common divisor of 14 and v?
14
Let m be (250/(-20))/((-2)/12). What is the highest common divisor of m and 15?
15
Let x be -3*(-6)/9 - 2. Suppose 2*h + 2*h - 180 = x. Calculate the highest common factor of h and 5.
5
Let m = -19 + 43. Calculate the highest common divisor of 36 and m.
12
Let x be 4 - (-11)/(44/40). Calculate the highest common divisor of x and 154.
14
Let n(j) = j**2 + 11. Let o be n(-5). Calculate the greatest common factor of 18 and o.
18
Let s(i) = -5*i**3 - i**2 + 3*i + 3. Let a be s(-2). What is the greatest common factor of a and 231?
33
Suppose 3*o = 4 - 1. Let y(t) = -t**3 - 3*t**2 + 5*t + 5. Let c be y(-4). Let r = 2 - c. What is the greatest common divisor of r and o?
1
Let b be (-6)/3*(-10)/5. Calculate the highest common factor of 52 and b.
4
Let d be ((-16)/(-5))/((-16)/(-120)). What is the highest common factor of 3 and d?
3
Let n be ((-1)/2)/((-4)/24). Calculate the greatest common factor of 24 and n.
3
Suppose 290 = 3*t + 2*t. What is the highest common divisor of 145 and t?
29
Let n be ((-1)/2)/((-5)/(-10)). Let j be (-21 + -2)/n + -1. What is the highest common divisor of j and 198?
22
Suppose 6*y = o + 4*y - 114, 391 = 4*o + 5*y. What is the highest common divisor of 13 and o?
13
Suppose 24 = 5*f - 106. Let p be -12*-1*(-26)/(-8). Calculate the highest common divisor of p and f.
13
Let l be 4*(-3 - (-14)/4). What is the highest common factor of 14 and l?
2
Let s(k) = -1 + 4 + 0 + k**2 - 2*k. Let o be s(7). Let g be (-38)/3*(-9)/2. Calculate the greatest common divisor of g and o.
19
Suppose -n = 2*z - 30, -3*n - 27 - 37 = -5*z. What is the greatest common factor of z and 56?
14
Suppose -2*i + 5*i - 18 = 0. Let t = -2 + i. Suppose 2*n - n = -t*r + 29, n - 20 = 5*r. What is the highest common divisor of n and 5?
5
Suppose -3*h - 60 = -6*h. What is the greatest common divisor of h and 60?
20
Suppose -41*w + 43*w - 8 = 0. What is the greatest common divisor of 12 and w?
4
Let o(j) = j**3 + j**2 - j + 5. Let a be o(0). Suppose a*l + 3 = 2*l. Let r be (-28 + 1 + l)/(-2). Calculate the highest common factor of r and 7.
7
Let w(u) = -9*u - 2. Let z be ((-4)/7)/(8/(-28)). Let i = z + -4. Let d be w(i). Calculate the highest common divisor of 48 and d.
16
Suppose 2*y = 59 + 37. Let f(n) = -48*n - 2. Let h be f(-1). Let m = h + -40. What is the highest common divisor of m and y?
6
Suppose 2*q = -4*y + 6*q + 280, -2*y - q = -146. Let p = 8 + 4. Let n = 21 - p. Calculate the greatest common divisor of y and n.
9
Suppose -35 = -k + 5*m, 3*m - 109 = -4*k - 38. What is the greatest common factor of 8 and k?
4
Suppose -2*u - 2*u = -40. Let o = 19 - u. Suppose -3*h - 90 = -8*h. What is the highest common divisor of h and o?
9
Let g(d) = 78*d**2 - d. Let b be g(1). What is the highest common divisor of 7 and b?
7
Let m = -14 - -15. What is the greatest common factor of m and 5?
1
Let l = -104 - -74. Let o be 3/5 + (-312)/l. What is the highest common factor of o and 99?
11
Let d(v) = -v**3 + 18*v**2 - 18*v - 15. Let r be d(16). What is the greatest common factor of r and 19?
19
Let a be 2/4 - 309/6. Suppose j + 40 = -4*d - 0*d, -5*j = -3*d - 53. Let f = d - a. Calculate the highest common factor of f and 8.
8
Let l(d) = -8*d + 4. Let q be l(-4). Let h = 57 - 53. Calculate the highest common divisor of h and q.
4
Let y be ((-2)/1)/2*-11. What is the highest common divisor of 11 and y?
11
Suppose -3*f - 4*n = -98 + 36, 2*f + 2*n = 40. Let l be (4 - -2)/(((-3)/(-9)